+ -27?
288
In base 7, what is -266400 - -6?
-266361
In base 3, what is 2010010 + -2102?
2000201
In base 13, what is 2836 - 5?
2831
In base 2, what is 100 - -101110100011111100?
101110100100000000
In base 10, what is 71 - 26?
45
In base 4, what is 3 - -102122?
102131
In base 11, what is -13066 - 6?
-13071
In base 12, what is -428 + b63?
737
In base 15, what is -d1601 - 4?
-d1605
In base 2, what is -1001010100100111 + 1101?
-1001010100011010
In base 16, what is -3 + 37ec?
37e9
In base 15, what is e - -20548?
20557
In base 4, what is 13320321 - 330?
13313331
In base 15, what is 42c0 - -c5?
4395
In base 2, what is -11001011 + 100110010111000?
100101111101101
In base 9, what is 102031 + -1?
102030
In base 16, what is -337c + -9?
-3385
In base 6, what is 100154 + 30?
100224
In base 7, what is -101566 - -4?
-101562
In base 8, what is 1076 + 106?
1204
In base 13, what is 547 + 26?
570
In base 14, what is 548d - -2a?
54b9
In base 14, what is -c4 + -309?
-3cd
In base 13, what is 2 - -8b38?
8b3a
In base 7, what is -25652 - 42?
-26024
In base 11, what is -29 + 14a3?
1475
In base 2, what is -100 + 11011000011111000000?
11011000011110111100
In base 8, what is -5 - 746147?
-746154
In base 14, what is -71 + 2d4?
263
In base 6, what is 35 + -101440?
-101401
In base 13, what is 3 - 115a61?
-115a5b
In base 16, what is -53 + 32?
-21
In base 8, what is -122 - -14226?
14104
In base 3, what is -12221022 - 10012?
-20001111
In base 12, what is 418 + -4b8?
-a0
In base 6, what is 534 - 430?
104
In base 2, what is 1001000101100100000 - 10?
1001000101100011110
In base 5, what is -23 + 1141201?
1141123
In base 9, what is 4257 - 340?
3817
In base 3, what is -20 + -100122102002?
-100122102022
In base 3, what is 0 - 100111122210?
-100111122210
In base 8, what is 5 + -75366?
-75361
In base 12, what is -15 - -12a33?
12a1a
In base 16, what is 51be + -5?
51b9
In base 7, what is -53320443 + -3?
-53320446
In base 3, what is -200010122 - 222?
-200011121
In base 15, what is -3d - -3119?
30cb
In base 14, what is -25c9 - -52?
-2577
In base 5, what is -3 - 33430434?
-33430442
In base 14, what is 176baca - -1?
176bacb
In base 12, what is 17 - -28b5?
2910
In base 13, what is 84 - -15?
99
In base 5, what is 10 + -123332124?
-123332114
In base 16, what is 26213 - 4?
2620f
In base 9, what is -17 - -71461?
71443
In base 2, what is 1 - -1011111111001000?
1011111111001001
In base 4, what is 1221 + -3012?
-1131
In base 7, what is 153420 + -5?
153412
In base 13, what is -53b71 + 4?
-53b6a
In base 15, what is a75b - -10?
a76b
In base 9, what is 0 - -46256?
46256
In base 8, what is -645 + 731?
64
In base 16, what is -2336 - b?
-2341
In base 12, what is a8815a + -4?
a88156
In base 9, what is -2 - -75756?
75754
In base 3, what is -22012201102 - -1?
-22012201101
In base 14, what is 4 - 18db7b?
-18db77
In base 10, what is -6 - -33889?
33883
In base 12, what is -a4 + -12a?
-212
In base 11, what is -4 - -2a64?
2a60
In base 15, what is -70 + 33b?
2bb
In base 10, what is -1 + -5665?
-5666
In base 7, what is -1400120 + -3?
-1400123
In base 13, what is 1747c - 7?
17475
In base 12, what is 4 + -2017?
-2013
In base 4, what is -2130 - -33220?
31030
In base 14, what is c78 - 42?
c36
In base 10, what is 2031 + -17?
2014
In base 14, what is -3 - -39a69?
39a66
In base 6, what is -5 - 500254?
-500303
In base 10, what is -16 + -1926?
-1942
In base 12, what is -b5 + -20713?
-20808
In base 15, what is -437c + 4?
-4378
In base 15, what is -409d + -b?
-40a9
In base 15, what is -cbbe + -5?
-cbc4
In base 11, what is 752 + -104?
649
In base 12, what is -4 - 55b1b?
-55b23
In base 12, what is -120b - 7?
-1216
In base 7, what is 355 + -4204?
-3516
In base 7, what is -5 + -22602?
-22610
In base 14, what is -17 + -32c?
-345
In base 3, what is 20102 + 112220?
210022
In base 8, what is 62364 - -4?
62370
In base 8, what is -2026 + -21?
-2047
In base 13, what is 909a - -3?
90a0
In base 2, what is -1110110010 - -10011?
-1110011111
In base 16, what is -2 + 2ff6?
2ff4
In base 11, what is 4a11 + -101?
4910
In base 14, what is 3120 + 18?
3138
In base 11, what is -1467726 + -5?
-1467730
In base 2, what is -1011010 + 10110010101100?
10110001010010
In base 16, what is -153 - -59?
-fa
In base 6, what is -2 - 1402002?
-1402004
In base 6, what is -5 + 1352150?
1352141
In base 13, what is -143b + -8?
-1446
In base 8, what is -16117 - 1207?
-17326
In base 9, what is -1800 + 31?
-1758
In base 9, what is 3544 - 20?
3524
In base 16, what is 196eaf - -1?
196eb0
In base 7, what is 60116 + -6?
60110
In base 12, what is 341 - 297a?
-2639
In base 2, what is 10110 + -110111111101110?
-110111111011000
In base 10, what is 29937 + -2?
29935
In base 8, what is 2 + -105344?
-105342
In base 13, what is -10668 - 2?
-1066a
In base 4, what is 12101 + 2111?
20212
In base 5, what is 4 - -212112?
212121
In base 10, what is -82866 + 30?
-82836
In base 6, what is 31 + -132531?
-132500
In base 11, what is 1640 + -1?
163a
In base 14, what is -227 - 3?
-22a
In base 3, what is -122112200 - -10?
-122112120
In base 7, what is -140 - 644?
-1114
In base 5, what is -412 + 2022?
1110
In base 16, what is 3c230 + 1?
3c231
In base 5, what is 1022 - -120001?
121023
In base 4, what is -133000 + 13213?
-113121
In base 6, what is -1121224 + 4?
-1121220
In base 5, what is -1024 + -133212?
-134241
In base 10, what is 21606 + -18?
21588
In base 14, what is 0 - 19aa65?
-19aa65
In base 11, what is -20 + -7340?
-7360
In base 12, what is -11 - -2777?
2766
In base 13, what is 2 + 2a93?
2a95
In base 3, what is -1020210122 + -202?
-1020211101
In base 10, what is 119 + -14575?
-14456
In base 11, what is 6223 - -12?
6235
In base 11, what is -31726 + 1?
-31725
In base 11, what is 313 + -5?
309
In base 12, what is 3 + 27519b?
2751a2
In base 15, what is c98 + -a6?
be2
In base 2, what is -10010110000 + -110100?
-10011100100
In base 11, what is -377627 + 1?
-377626
In base 14, what is -18845 - -3?
-18842
In base 2, what is -1100 + 111100100101?
111100011001
In base 13, what is -9 + 502?
4c6
In base 4, what is -133012311 + 2?
-133012303
In base 11, what is -71 + -8962?
-8a23
In base 16, what is -1 + -1a4f?
-1a50
In base 11, what is -22202a - -11?
-222019
In base 10, what is -2 - -235?
233
In base 4, what is 10 - -1031312?
1031322
In base 10, what is 2651301 - -2?
2651303
In base 3, what is 10 - 2111102?
-2111022
In base 3, what is 1021 - 11001010?
-10222212
In base 5, what is 332211010 + 3?
332211013
In base 12, what is -15 + -2715?
-272a
In base 8, what is 2116 - 165?
1731
In base 3, what is -12 + 20011020021?
20011020002
In base 5, what is 2333 + -222021?
-214133
In base 7, what is -541344 - -5?
-541336
In base 12, what is 21 - 390?
-36b
In base 7, what is -60 + 1513?
1423
In base 2, what is -11100000000001 - 1?
-11100000000010
In base 5, what is -11203 + -130?
-11333
In base 6, what is -2 + 12125520?
12125514
In base 4, what is 11 + 21023?
21100
In base 16, what is -7 - 5676?
-567d
In base 7, what is 265 + -521?
-223
In base 12, what is -1 - a44a?
-a44b
In base 10, what is 126 - -7729?
7855
In base 10, what is 21 - -14860?
14881
In base 6, what is 121 + 250504?
251025
In base 14, what is -4 + -69a4?
-69a8
In base 9, what is -10252 - 6?
-10258
In base 14, what is -a500 + -1?
-a501
In base 8, what is 1 - -1013?
1014
In base 2, what is -1001000111001110 - -1?
-1001000111001101
In base 4, what is -3100 - -31?
-3003
In base 6, what is 5132 + -2?
5130
In base 6, what is 21020551 + -5?
21020542
In base 8, what is -1001206 + 4?
-1001202
In base 8, what is 1372 - -576?
2170
In base 2, what is 10110 - -100100011010111?
100100011101101
In base 6, what is -213531 + -13?
-213544
In base 10, what is -1080 - -63?
-1017
In base 12, what is -3 - 4691?
-4694
In base 13, what is 28 + -a387?
-a35c
In base 2, what is 100111111001 - 1011?
100111101110
In base 2, what is -1000 - -10011110010011111?
10011110010010111
In base 6, what is 554 + -1400?
-402
In base 14, what is -d7 + -4b14?
-4c0b
In base 16, what is -1d - 4ebe?
-4edb
In base 16, what is -17 - -d6?
bf
In base 3, what is 1 - -22021010212?
22021010220
In base 8, what is 13340736 - 5?
13340731
In base 13, what is 1 + 607a?
607b
In base 7, what is 160 + 403?
563
In base 12, what is -37 + 16046?
1600b
In base 9, what is 33028 + 7?
33036
In base 2, what is -10101